{"id":15574,"date":"2024-10-14T06:51:14","date_gmt":"2024-10-14T06:51:14","guid":{"rendered":"https:\/\/lkkk.ee\/pood\/?post_type=product&#038;p=15574"},"modified":"2024-10-14T06:51:14","modified_gmt":"2024-10-14T06:51:14","slug":"porguneitsi-dvd","status":"publish","type":"product","link":"https:\/\/lkkk.ee\/pood\/product\/porguneitsi-dvd\/","title":{"rendered":"P\u00f5rguneitsi DVD"},"content":{"rendered":"<p style=\"font-weight: 400;\"><strong>Fantaasiafilm \u201eP\u00f5rguneitsi\u201c<\/strong><\/p>\n<p style=\"font-weight: 400;\">Lugu Naisest, kellelt Noormees varastab pettusega v\u00f5lus\u00f5rmuse, mille abil minna koletislikku P\u00f5hja konna h\u00e4vitama. Aga \u2013 \u00fcks haiget saanud v\u00e4ekas naine on ohtlikum kui marutuul!<br \/>\nPalju kaunist loodust, kauge maa tark, hulk nutikaid linde ning hirmunud inimesed, eesotsas kuningaga, kes oma vanima t\u00fctre k\u00e4e koletise tapjale on lubanud.<\/p>\n<p style=\"font-weight: 400;\"><strong>Filmigrupp:<\/strong> Janika Sillamaa, Edith Avent, Heikki Avent, Marko Grinfeld, Shehryar Khan Franck Reisner, Anna Danilson, Carolin Raud, Sireli Salum jt. Produtsent Kaari Sillamaa. Tootja MT\u00dc Kaunite Kool.<\/p>\n","protected":false},"excerpt":{"rendered":"<p>Fantaasiafilm \u201eP\u00f5rguneitsi\u201c Lugu Naisest, kellelt Noormees varastab pettusega v\u00f5lus\u00f5rmuse, mille abil minna koletislikku P\u00f5hja konna h\u00e4vitama. Aga \u2013 \u00fcks haiget saanud v\u00e4ekas naine on ohtlikum kui marutuul! Palju kaunist loodust,&#8230;<\/p>\n","protected":false},"featured_media":15507,"comment_status":"open","ping_status":"closed","template":"","meta":{"_monsterinsights_skip_tracking":false,"_monsterinsights_sitenote_active":false,"_monsterinsights_sitenote_note":"","_monsterinsights_sitenote_category":0},"product_brand":[],"product_cat":[121],"product_tag":[],"class_list":{"0":"post-15574","1":"product","2":"type-product","3":"status-publish","4":"has-post-thumbnail","6":"product_cat-filmid","7":"product_shipping_class-europe","9":"first","10":"instock","11":"shipping-taxable","12":"purchasable","13":"product-type-simple"},"_links":{"self":[{"href":"https:\/\/lkkk.ee\/pood\/wp-json\/wp\/v2\/product\/15574","targetHints":{"allow":["GET"]}}],"collection":[{"href":"https:\/\/lkkk.ee\/pood\/wp-json\/wp\/v2\/product"}],"about":[{"href":"https:\/\/lkkk.ee\/pood\/wp-json\/wp\/v2\/types\/product"}],"replies":[{"embeddable":true,"href":"https:\/\/lkkk.ee\/pood\/wp-json\/wp\/v2\/comments?post=15574"}],"wp:featuredmedia":[{"embeddable":true,"href":"https:\/\/lkkk.ee\/pood\/wp-json\/wp\/v2\/media\/15507"}],"wp:attachment":[{"href":"https:\/\/lkkk.ee\/pood\/wp-json\/wp\/v2\/media?parent=15574"}],"wp:term":[{"taxonomy":"product_brand","embeddable":true,"href":"https:\/\/lkkk.ee\/pood\/wp-json\/wp\/v2\/product_brand?post=15574"},{"taxonomy":"product_cat","embeddable":true,"href":"https:\/\/lkkk.ee\/pood\/wp-json\/wp\/v2\/product_cat?post=15574"},{"taxonomy":"product_tag","embeddable":true,"href":"https:\/\/lkkk.ee\/pood\/wp-json\/wp\/v2\/product_tag?post=15574"}],"curies":[{"name":"wp","href":"https:\/\/api.w.org\/{rel}","templated":true}]}}