{"id":15466,"date":"2024-08-19T15:02:32","date_gmt":"2024-08-19T15:02:32","guid":{"rendered":"https:\/\/lkkk.ee\/pood\/?post_type=product&#038;p=15466"},"modified":"2024-08-19T15:03:08","modified_gmt":"2024-08-19T15:03:08","slug":"verelegend-allalaetav","status":"publish","type":"product","link":"https:\/\/lkkk.ee\/pood\/product\/verelegend-allalaetav\/","title":{"rendered":"Verelegend (allalaetav)"},"content":{"rendered":"<p>Muusikaline vampiirifilm<\/p>\n<p>2012<\/p>\n<p>Filmi \u201eVerelegend\u201c\u00a0 keskseks teemaks on demooniliste olendite \u2013 vampiiride \u2013 soov lunastuse ja vabaduse j\u00e4rele. Vanade uskumuste kohaselt v\u00f5ib neetud hing saada rahu kui talle tuua \u201ep\u00fcha vere\u201c ohver.\u00a0 Kui 2000 aastat maa peal r\u00e4nnanud Maarja Magdaleena kohtub t\u00e4naval oma kauge j\u00e4reltulija \u201ep\u00fcha vereliini kandjaga\u201c, hakkab t\u00f6\u00f6le iidne maagia, mis \u00e4ratab maap\u00f5hjas \u00d6\u00f6deemoni\u00a0 Lilithi.\u00a0 Vampiirid asutavad end teele\u2026..<\/p>\n<p>Loomulikult ei puudu esiplaanilt ka armastuslugu, kus\u00a0 elut\u00fcdimuses vireleva\u00a0 noormehe ellu astub l\u00e4bi ajakoridori Valge Daam.\u00a0 Tegevus viib meid vahepeal ajas tagasi aja-arvamise algusaastatesse algkristlaste kogunemipaika ning 13. sajandi katarite kindlusse L\u00f5una-Prantsusmaal.<\/p>\n<p>Autor, lavastaja ja kunstnik Janika Sillamaa, koormeister Hille Savi, koreograaf Kertu Raja, v\u00f5itluskoreograaf Andrus Muuga<\/p>\n<p>V\u00f5ttegrupp ja montaa\u017e: Janika Sillamaa, Virko Veskoja, Kasper Raidam, Kaspar Virks, Franck Reisner, Ken R\u00fc\u00fctel, Joonas Vatter, Anette-Maria Kuklane.<\/p>\n<p>Peaosades: Kasper Raidam, Kerstin Kaints, Helen M\u00e4nnik, Keidi Vatter, Carolin Ligi<br \/>\nKesksetes osades veel Ken R\u00fc\u00fctel, Janely Uint, Anne-Mary L\u00e4ll, Loora-Eliise Kaarelson, Taavet Borovkov, Johann Ortin \u00d5un, Kertu Raja, Getter Jaani, Fatme Helge Leevald, Laura-Liisa Lemetsar, Kaspar Virks, Andrus Muuga<\/p>\n","protected":false},"excerpt":{"rendered":"<p>Muusikaline vampiirifilm 2012 Filmi \u201eVerelegend\u201c\u00a0 keskseks teemaks on demooniliste olendite \u2013 vampiiride \u2013 soov lunastuse ja vabaduse j\u00e4rele. Vanade uskumuste kohaselt v\u00f5ib neetud hing saada rahu kui talle tuua \u201ep\u00fcha&#8230;<\/p>\n","protected":false},"featured_media":15218,"comment_status":"open","ping_status":"closed","template":"","meta":{"_monsterinsights_skip_tracking":false,"_monsterinsights_sitenote_active":false,"_monsterinsights_sitenote_note":"","_monsterinsights_sitenote_category":0},"product_brand":[],"product_cat":[129],"product_tag":[],"class_list":{"0":"post-15466","1":"product","2":"type-product","3":"status-publish","4":"has-post-thumbnail","6":"product_cat-allalaetavad","8":"first","9":"instock","10":"downloadable","11":"virtual","12":"purchasable","13":"product-type-simple"},"_links":{"self":[{"href":"https:\/\/lkkk.ee\/pood\/wp-json\/wp\/v2\/product\/15466","targetHints":{"allow":["GET"]}}],"collection":[{"href":"https:\/\/lkkk.ee\/pood\/wp-json\/wp\/v2\/product"}],"about":[{"href":"https:\/\/lkkk.ee\/pood\/wp-json\/wp\/v2\/types\/product"}],"replies":[{"embeddable":true,"href":"https:\/\/lkkk.ee\/pood\/wp-json\/wp\/v2\/comments?post=15466"}],"wp:featuredmedia":[{"embeddable":true,"href":"https:\/\/lkkk.ee\/pood\/wp-json\/wp\/v2\/media\/15218"}],"wp:attachment":[{"href":"https:\/\/lkkk.ee\/pood\/wp-json\/wp\/v2\/media?parent=15466"}],"wp:term":[{"taxonomy":"product_brand","embeddable":true,"href":"https:\/\/lkkk.ee\/pood\/wp-json\/wp\/v2\/product_brand?post=15466"},{"taxonomy":"product_cat","embeddable":true,"href":"https:\/\/lkkk.ee\/pood\/wp-json\/wp\/v2\/product_cat?post=15466"},{"taxonomy":"product_tag","embeddable":true,"href":"https:\/\/lkkk.ee\/pood\/wp-json\/wp\/v2\/product_tag?post=15466"}],"curies":[{"name":"wp","href":"https:\/\/api.w.org\/{rel}","templated":true}]}}