{"id":15461,"date":"2024-08-19T14:54:55","date_gmt":"2024-08-19T14:54:55","guid":{"rendered":"https:\/\/lkkk.ee\/pood\/?post_type=product&#038;p=15461"},"modified":"2024-08-19T14:54:55","modified_gmt":"2024-08-19T14:54:55","slug":"printsess-okasroosike-allalaetav","status":"publish","type":"product","link":"https:\/\/lkkk.ee\/pood\/product\/printsess-okasroosike-allalaetav\/","title":{"rendered":"Printsess Okasroosike (allalaetav)"},"content":{"rendered":"<p>Muusikal-film vendade Grimmide muinasjutu j\u00e4rgi<\/p>\n<p>2014<\/p>\n<p>Tuntud lugu uinuvast kaunitarist, kellele paha Must Haldjas varajast surma ennustab ja hea Valge Haldjas selle 100-aastaseks uneks \u00fcmber v\u00f5lub. Meie ja vendade Grimmide lugude erinevuseks on \u00fcmbermaailmareis, kuhu asub Prints selleks ajaks, kui printsess Okasroosike magama on j\u00e4\u00e4nud. Et sel ajal mitte vananeda, peab noormees kord aastas v\u00f5tma sisse tilga elueliksiiri \u2013 ei saa ju armsama juurde naasta raugana. K\u00f5igele eelneb loomulikult kurb kuningapaar 15 aastat varem, kes t\u00fctrekest igatsevad ja Emand Konn, kes r\u00f5\u00f5msa uudise lapse peatsest s\u00fcnnist kuningannale teatavaks teeb.<br \/>\nFilmiv\u00f5tted toimusid kaunis Puurmani lossis ja selle \u00fcmbruses.<\/p>\n<p>Autor Kaari Sillamaa, lavastaja ja koreograaf Katre Jaani, muusikajuht Hille Savi, kunstnik Pille Suurna.<br \/>\nFilmigrupp: Katre Jaani, Virko Veskoja, Edith Hermann, Franck Reisner, Andrus Muuga, Hille savi, Mihkel J\u00fcri Feld, Mark Oja, Jaagup Tuisk, Johann Ortin \u00d5un.<\/p>\n<p>Nimiosas Samantha Aleksandra \u017durkin, teistes suuremates osades Johann Ortin \u00d5un, Triin Pirso, Brigitta Ambur, Carolina Nellis, Jaagup Tuisk, Lysette Ranne, Hannelore Karmel Juurikas.<\/p>\n","protected":false},"excerpt":{"rendered":"<p>Muusikal-film vendade Grimmide muinasjutu j\u00e4rgi 2014 Tuntud lugu uinuvast kaunitarist, kellele paha Must Haldjas varajast surma ennustab ja hea Valge Haldjas selle 100-aastaseks uneks \u00fcmber v\u00f5lub. Meie ja vendade Grimmide&#8230;<\/p>\n","protected":false},"featured_media":15208,"comment_status":"open","ping_status":"closed","template":"","meta":{"_monsterinsights_skip_tracking":false,"_monsterinsights_sitenote_active":false,"_monsterinsights_sitenote_note":"","_monsterinsights_sitenote_category":0},"product_brand":[],"product_cat":[129],"product_tag":[],"class_list":{"0":"post-15461","1":"product","2":"type-product","3":"status-publish","4":"has-post-thumbnail","6":"product_cat-allalaetavad","8":"first","9":"instock","10":"downloadable","11":"virtual","12":"purchasable","13":"product-type-simple"},"_links":{"self":[{"href":"https:\/\/lkkk.ee\/pood\/wp-json\/wp\/v2\/product\/15461","targetHints":{"allow":["GET"]}}],"collection":[{"href":"https:\/\/lkkk.ee\/pood\/wp-json\/wp\/v2\/product"}],"about":[{"href":"https:\/\/lkkk.ee\/pood\/wp-json\/wp\/v2\/types\/product"}],"replies":[{"embeddable":true,"href":"https:\/\/lkkk.ee\/pood\/wp-json\/wp\/v2\/comments?post=15461"}],"wp:featuredmedia":[{"embeddable":true,"href":"https:\/\/lkkk.ee\/pood\/wp-json\/wp\/v2\/media\/15208"}],"wp:attachment":[{"href":"https:\/\/lkkk.ee\/pood\/wp-json\/wp\/v2\/media?parent=15461"}],"wp:term":[{"taxonomy":"product_brand","embeddable":true,"href":"https:\/\/lkkk.ee\/pood\/wp-json\/wp\/v2\/product_brand?post=15461"},{"taxonomy":"product_cat","embeddable":true,"href":"https:\/\/lkkk.ee\/pood\/wp-json\/wp\/v2\/product_cat?post=15461"},{"taxonomy":"product_tag","embeddable":true,"href":"https:\/\/lkkk.ee\/pood\/wp-json\/wp\/v2\/product_tag?post=15461"}],"curies":[{"name":"wp","href":"https:\/\/api.w.org\/{rel}","templated":true}]}}