{"id":15297,"date":"2024-08-12T20:46:20","date_gmt":"2024-08-12T20:46:20","guid":{"rendered":"https:\/\/lkkk.ee\/pood\/?post_type=product&#038;p=15297"},"modified":"2024-08-25T08:42:43","modified_gmt":"2024-08-25T08:42:43","slug":"saladuste-maja","status":"publish","type":"product","link":"https:\/\/lkkk.ee\/pood\/product\/saladuste-maja\/","title":{"rendered":"Saladuste maja"},"content":{"rendered":"<p>Laulud v\u00e4ikestele ja suurtele lastele muinasjuttudest, aastaaegadest, unen\u00e4gudest, salasoovidest ja \u00fcldse elust.<\/p>\n","protected":false},"excerpt":{"rendered":"<p>Laulud v\u00e4ikestele ja suurtele lastele muinasjuttudest, aastaaegadest, unen\u00e4gudest, salasoovidest ja \u00fcldse elust.<\/p>\n","protected":false},"featured_media":15301,"comment_status":"closed","ping_status":"closed","template":"","meta":{"_monsterinsights_skip_tracking":false,"_monsterinsights_sitenote_active":false,"_monsterinsights_sitenote_note":"","_monsterinsights_sitenote_category":0},"product_brand":[],"product_cat":[125],"product_tag":[],"class_list":{"0":"post-15297","1":"product","2":"type-product","3":"status-publish","4":"has-post-thumbnail","6":"product_cat-lauluraamatud","8":"first","9":"instock","10":"shipping-taxable","11":"purchasable","12":"product-type-simple"},"_links":{"self":[{"href":"https:\/\/lkkk.ee\/pood\/wp-json\/wp\/v2\/product\/15297","targetHints":{"allow":["GET"]}}],"collection":[{"href":"https:\/\/lkkk.ee\/pood\/wp-json\/wp\/v2\/product"}],"about":[{"href":"https:\/\/lkkk.ee\/pood\/wp-json\/wp\/v2\/types\/product"}],"replies":[{"embeddable":true,"href":"https:\/\/lkkk.ee\/pood\/wp-json\/wp\/v2\/comments?post=15297"}],"wp:featuredmedia":[{"embeddable":true,"href":"https:\/\/lkkk.ee\/pood\/wp-json\/wp\/v2\/media\/15301"}],"wp:attachment":[{"href":"https:\/\/lkkk.ee\/pood\/wp-json\/wp\/v2\/media?parent=15297"}],"wp:term":[{"taxonomy":"product_brand","embeddable":true,"href":"https:\/\/lkkk.ee\/pood\/wp-json\/wp\/v2\/product_brand?post=15297"},{"taxonomy":"product_cat","embeddable":true,"href":"https:\/\/lkkk.ee\/pood\/wp-json\/wp\/v2\/product_cat?post=15297"},{"taxonomy":"product_tag","embeddable":true,"href":"https:\/\/lkkk.ee\/pood\/wp-json\/wp\/v2\/product_tag?post=15297"}],"curies":[{"name":"wp","href":"https:\/\/api.w.org\/{rel}","templated":true}]}}