{"id":15242,"date":"2024-08-12T20:36:56","date_gmt":"2024-08-12T20:36:56","guid":{"rendered":"https:\/\/lkkk.ee\/pood\/?post_type=product&#038;p=15242"},"modified":"2024-08-25T08:34:32","modified_gmt":"2024-08-25T08:34:32","slug":"emadepaev-lillekuningriigis","status":"publish","type":"product","link":"https:\/\/lkkk.ee\/pood\/product\/emadepaev-lillekuningriigis\/","title":{"rendered":"Emadep\u00e4ev lillekuningriigis"},"content":{"rendered":"<p>\u201eEmadep\u00e4ev Lillekuningriigis&#8221; \u2013 Kaari Sillamaa laulum\u00e4ng lasteaedadele ja algklassidele.<\/p>\n<p>Printsess Liblik valmistub Kuningannana troonile t\u00f5usma ja tema proovit\u00f6\u00f6ks on emadep\u00e4evapeo korraldamine Lillekuningriigi elanikele. Teda p\u00fc\u00fcab aga k\u00f5ikv\u00f5imalike vahenditega takistada \u00f5el J\u00e4\u00e4kuninganna, kes ise trooni ihkab.<\/p>\n<p>Raamatus libreto ja laulude noodid ning fotoillustratsioonid Muusikateatri lastest, kes \u00fches v\u00f5i teises lavastuses kaasa on teinud.<br \/>\nRaamatu tagakaane taskus on CD, kus lisaks lauludele ka k\u00f5ik fonogrammid ning instrumentaalsed vahemuusikad, loodush\u00e4\u00e4led ja muu, mida k\u00f5ike on vaja, et etendus algusest l\u00f5puni lavale tuua ja ette kanda.<\/p>\n<p>CD-l laulavad Laste ja Noorte Muusikateatri \u00f5pilased Eliis Rebane (printsess Liblik), Laura Kohava (v\u00e4ike Mumm), Marian Perkmann (v\u00e4ike Triinu), Jaagup Tuisk (purikas Peeter ja rohutirts Robi), Karoliine Olle (purikas Piia ja Tigu-t\u00e4di), Britt-Kathleen Mere (suur Triinu ja P\u00e4evalill), Johanna P\u00f5ldemaa (suur\u00a0Mumm), Doris Vahtra (J\u00e4\u00e4kuninganna)<\/p>\n<p>Laulum\u00e4ng \u201eEmadep\u00e4ev Lillekuningriigis&#8221; on l\u00fchike ja kirjutatud v\u00e4ikesele koosseisule nii, et seda oleks lihtne esitada v\u00e4ikesel pinnal ja v\u00e4ikestele vaatajatele.<br \/>\nLugu on mitmel kevadel esitatud paljudes Tallinna ja Harjumaa lasteaedades.<\/p>\n","protected":false},"excerpt":{"rendered":"<p>\u201eEmadep\u00e4ev Lillekuningriigis&#8221; \u2013 Kaari Sillamaa laulum\u00e4ng lasteaedadele ja algklassidele. Printsess Liblik valmistub Kuningannana troonile t\u00f5usma ja tema proovit\u00f6\u00f6ks on emadep\u00e4evapeo korraldamine Lillekuningriigi elanikele. Teda p\u00fc\u00fcab aga k\u00f5ikv\u00f5imalike vahenditega takistada \u00f5el&#8230;<\/p>\n","protected":false},"featured_media":15277,"comment_status":"closed","ping_status":"closed","template":"","meta":{"_monsterinsights_skip_tracking":false,"_monsterinsights_sitenote_active":false,"_monsterinsights_sitenote_note":"","_monsterinsights_sitenote_category":0},"product_brand":[],"product_cat":[126],"product_tag":[],"class_list":{"0":"post-15242","1":"product","2":"type-product","3":"status-publish","4":"has-post-thumbnail","6":"product_cat-laulumangud","8":"first","9":"outofstock","10":"shipping-taxable","11":"purchasable","12":"product-type-simple"},"_links":{"self":[{"href":"https:\/\/lkkk.ee\/pood\/wp-json\/wp\/v2\/product\/15242","targetHints":{"allow":["GET"]}}],"collection":[{"href":"https:\/\/lkkk.ee\/pood\/wp-json\/wp\/v2\/product"}],"about":[{"href":"https:\/\/lkkk.ee\/pood\/wp-json\/wp\/v2\/types\/product"}],"replies":[{"embeddable":true,"href":"https:\/\/lkkk.ee\/pood\/wp-json\/wp\/v2\/comments?post=15242"}],"wp:featuredmedia":[{"embeddable":true,"href":"https:\/\/lkkk.ee\/pood\/wp-json\/wp\/v2\/media\/15277"}],"wp:attachment":[{"href":"https:\/\/lkkk.ee\/pood\/wp-json\/wp\/v2\/media?parent=15242"}],"wp:term":[{"taxonomy":"product_brand","embeddable":true,"href":"https:\/\/lkkk.ee\/pood\/wp-json\/wp\/v2\/product_brand?post=15242"},{"taxonomy":"product_cat","embeddable":true,"href":"https:\/\/lkkk.ee\/pood\/wp-json\/wp\/v2\/product_cat?post=15242"},{"taxonomy":"product_tag","embeddable":true,"href":"https:\/\/lkkk.ee\/pood\/wp-json\/wp\/v2\/product_tag?post=15242"}],"curies":[{"name":"wp","href":"https:\/\/api.w.org\/{rel}","templated":true}]}}