{"id":15232,"date":"2024-08-12T20:36:56","date_gmt":"2024-08-12T20:36:56","guid":{"rendered":"https:\/\/lkkk.ee\/pood\/?post_type=product&#038;p=15232"},"modified":"2024-08-21T15:05:30","modified_gmt":"2024-08-21T15:05:30","slug":"taiskohaga-naine","status":"publish","type":"product","link":"https:\/\/lkkk.ee\/pood\/product\/taiskohaga-naine\/","title":{"rendered":"T\u00e4iskohaga naine"},"content":{"rendered":"<p>\u201eT\u00e4iskohaga naine&#8221; on soolo-album, mille 12 stiililiselt eklektilist lugu jutustavad naiseks olemisest ja naise olemusest t\u00e4nap\u00e4eva maailmas, ehk siis hoolimisest, ise olemisest, koos olemisest, enesega t\u00fclitsemisest ja enesega leppimisest. Ning muidugi armastusest ja kirest. Helikeel on l\u00fc\u00fcrilisest dramaatiliseni, meenutades pigem Janika muusikaliloomingut, kui roki-aastaid.<\/p>\n<p>Laulud j\u00e4rgmised:<\/p>\n<ul>\n<li>Ei leia s\u00f5nu<\/li>\n<li>Rahutu<\/li>\n<li>J\u00e4lgi j\u00e4tmata<\/li>\n<li>K\u00f6\u00f6gikuninganna<\/li>\n<li>S\u00f5idame v\u00f5idu<\/li>\n<li>Kleopatra vannitoas<\/li>\n<li>T\u00e4iskohaga naine<\/li>\n<li>Hingep\u00f6\u00f6ningu saladused<\/li>\n<li>Kivi all peidus<\/li>\n<li>Hunt minu sees pole surnud<\/li>\n<li>Vaatame koos ingleid<\/li>\n<li>Wolandi valss<\/li>\n<\/ul>\n<p>Stuudiomuusikud: Virgo Sillamaa (kitarrid), Lauri Lehtsaar (klahvpillid), Janno Trump (bass), Ahto Abner (l\u00f6\u00f6kpillid), Anna Maria Rannam\u00e4gi, Merike Heidelberg, Kristian Plink ja Mingo Rajandi (keelpillir\u00fchm)<\/p>\n<p>Salvestus: Stuudio Oleme Teel (n\u00fc\u00fcd Studio89) \u2013 helire\u017eiss\u00f6\u00f6r Franck Reisner<br \/>\nMastering Johannes L\u00f5hmus<br \/>\nFotod ja kujundus Villu Feldberg<\/p>\n","protected":false},"excerpt":{"rendered":"<p>\u201eT\u00e4iskohaga naine&#8221; on soolo-album, mille 12 stiililiselt eklektilist lugu jutustavad naiseks olemisest ja naise olemusest t\u00e4nap\u00e4eva maailmas, ehk siis hoolimisest, ise olemisest, koos olemisest, enesega t\u00fclitsemisest ja enesega leppimisest. Ning&#8230;<\/p>\n","protected":false},"featured_media":15264,"comment_status":"closed","ping_status":"closed","template":"","meta":{"_monsterinsights_skip_tracking":false,"_monsterinsights_sitenote_active":false,"_monsterinsights_sitenote_note":"","_monsterinsights_sitenote_category":0},"product_brand":[],"product_cat":[124],"product_tag":[],"class_list":{"0":"post-15232","1":"product","2":"type-product","3":"status-publish","4":"has-post-thumbnail","6":"product_cat-cd","8":"first","9":"instock","10":"shipping-taxable","11":"purchasable","12":"product-type-simple"},"_links":{"self":[{"href":"https:\/\/lkkk.ee\/pood\/wp-json\/wp\/v2\/product\/15232","targetHints":{"allow":["GET"]}}],"collection":[{"href":"https:\/\/lkkk.ee\/pood\/wp-json\/wp\/v2\/product"}],"about":[{"href":"https:\/\/lkkk.ee\/pood\/wp-json\/wp\/v2\/types\/product"}],"replies":[{"embeddable":true,"href":"https:\/\/lkkk.ee\/pood\/wp-json\/wp\/v2\/comments?post=15232"}],"wp:featuredmedia":[{"embeddable":true,"href":"https:\/\/lkkk.ee\/pood\/wp-json\/wp\/v2\/media\/15264"}],"wp:attachment":[{"href":"https:\/\/lkkk.ee\/pood\/wp-json\/wp\/v2\/media?parent=15232"}],"wp:term":[{"taxonomy":"product_brand","embeddable":true,"href":"https:\/\/lkkk.ee\/pood\/wp-json\/wp\/v2\/product_brand?post=15232"},{"taxonomy":"product_cat","embeddable":true,"href":"https:\/\/lkkk.ee\/pood\/wp-json\/wp\/v2\/product_cat?post=15232"},{"taxonomy":"product_tag","embeddable":true,"href":"https:\/\/lkkk.ee\/pood\/wp-json\/wp\/v2\/product_tag?post=15232"}],"curies":[{"name":"wp","href":"https:\/\/api.w.org\/{rel}","templated":true}]}}