{"id":15230,"date":"2024-08-12T20:36:56","date_gmt":"2024-08-12T20:36:56","guid":{"rendered":"https:\/\/lkkk.ee\/pood\/?post_type=product&#038;p=15230"},"modified":"2024-08-21T15:04:49","modified_gmt":"2024-08-21T15:04:49","slug":"etnorokkmuusikal-salme","status":"publish","type":"product","link":"https:\/\/lkkk.ee\/pood\/product\/etnorokkmuusikal-salme\/","title":{"rendered":"Etnorokkmuusikal Salme"},"content":{"rendered":"<p>Kaari Sillamaa Noorte Muusikateatri etnorokkmuusikal &#8220;Salme&#8221; valmis Salme Kultuurikeskuse 50 juubeliks. Kuna noore autori Kaarel Orum\u00e4gi muusika nii suurep\u00e4rane v\u00e4lja tuli, otsustati sellest kohe ka heliplaat Salme kaunimad laulud salvestada.<\/p>\n<p>Muusikali tegevustik ja tegelaskujud on p\u00e4rit suures osas Fr. R. Kreutzwaldi eeposest \u201eKalevipoeg\u201c. Seega laulavad plaadil Lesknaine (Loora Eliise Kaarelson) ja tema kasut\u00fctred Salme (Rebecca Tamm), Linda (Anette P\u00e4rn) ja Orjat\u00fcdruk (Britt-Kathleen Mere), loomulikult ka tema v\u00e4imehed T\u00e4ht (Karl Erik Tamme) ja Kalev (Franck Reisner). t\u00fctarde \u00e4rp\u00f5latud kosilased Kuu (Mait Mikussaar), P\u00e4ike (Johann Ortin \u00d5un) ja Kungla Kuningapoeg (Asko Rober Meola), loomulikult ka Kalevipoeg (Karl Mattias P\u00e4rloja) ja Vanemuine (Kaarel Raidam) ning pahalased Tuuslar (Sten Uustalu) ja Sarvik (Mark Oja), kes hiljem &#8211; n\u00f5ukogude ajaj\u00e4rgus v\u00e4lja ilmub ka partorgina. Lauludele saatjaks olid muusikud Oliver Mazurtshak (kitarr), Rain R\u00e4mmal (klahvpillid), Martti Laas (bass), Ramuel Tafenau (trummid), Laura Lindpere (kromaatiline kannel), Katariin Raska (torupill) ning Anna Maria Ranna\u00e4\u00e4re ja Maris Viisma (viiulid).<\/p>\n<p>Muusika Kaarel Orum\u00e4gi, v\u00e4rsid Fr. Reinhold Kreutzwald ja Kaari Sillamaa.<br \/>\nV\u00e4ljaandja Sillamaa ja lapsed O\u00dc<\/p>\n","protected":false},"excerpt":{"rendered":"<p>Kaari Sillamaa Noorte Muusikateatri etnorokkmuusikal &#8220;Salme&#8221; valmis Salme Kultuurikeskuse 50 juubeliks. Kuna noore autori Kaarel Orum\u00e4gi muusika nii suurep\u00e4rane v\u00e4lja tuli, otsustati sellest kohe ka heliplaat Salme kaunimad laulud salvestada&#8230;.<\/p>\n","protected":false},"featured_media":15262,"comment_status":"closed","ping_status":"closed","template":"","meta":{"_monsterinsights_skip_tracking":false,"_monsterinsights_sitenote_active":false,"_monsterinsights_sitenote_note":"","_monsterinsights_sitenote_category":0},"product_brand":[],"product_cat":[124],"product_tag":[],"class_list":{"0":"post-15230","1":"product","2":"type-product","3":"status-publish","4":"has-post-thumbnail","6":"product_cat-cd","8":"first","9":"instock","10":"shipping-taxable","11":"purchasable","12":"product-type-simple"},"_links":{"self":[{"href":"https:\/\/lkkk.ee\/pood\/wp-json\/wp\/v2\/product\/15230","targetHints":{"allow":["GET"]}}],"collection":[{"href":"https:\/\/lkkk.ee\/pood\/wp-json\/wp\/v2\/product"}],"about":[{"href":"https:\/\/lkkk.ee\/pood\/wp-json\/wp\/v2\/types\/product"}],"replies":[{"embeddable":true,"href":"https:\/\/lkkk.ee\/pood\/wp-json\/wp\/v2\/comments?post=15230"}],"wp:featuredmedia":[{"embeddable":true,"href":"https:\/\/lkkk.ee\/pood\/wp-json\/wp\/v2\/media\/15262"}],"wp:attachment":[{"href":"https:\/\/lkkk.ee\/pood\/wp-json\/wp\/v2\/media?parent=15230"}],"wp:term":[{"taxonomy":"product_brand","embeddable":true,"href":"https:\/\/lkkk.ee\/pood\/wp-json\/wp\/v2\/product_brand?post=15230"},{"taxonomy":"product_cat","embeddable":true,"href":"https:\/\/lkkk.ee\/pood\/wp-json\/wp\/v2\/product_cat?post=15230"},{"taxonomy":"product_tag","embeddable":true,"href":"https:\/\/lkkk.ee\/pood\/wp-json\/wp\/v2\/product_tag?post=15230"}],"curies":[{"name":"wp","href":"https:\/\/api.w.org\/{rel}","templated":true}]}}