{"id":15189,"date":"2024-08-12T20:36:33","date_gmt":"2024-08-12T20:36:33","guid":{"rendered":"https:\/\/lkkk.ee\/pood\/?post_type=product&#038;p=15189"},"modified":"2024-08-25T08:50:49","modified_gmt":"2024-08-25T08:50:49","slug":"uhe-armastuse-lugu","status":"publish","type":"product","link":"https:\/\/lkkk.ee\/pood\/product\/uhe-armastuse-lugu\/","title":{"rendered":"\u00dche armastuse lugu DVD"},"content":{"rendered":"<p>Muusikaline haldjafilm.<\/p>\n<p>2002<\/p>\n<p>Lugu haldjatest ja kr\u00e4\u00e4bustest, nende omavahelistest suhetest ja suhtumisest maisesse ja taevasesse j\u00f5usse. On n\u00f5iutud prints ja tema \u201chalvem\u201d pool, kes tegutseb siis kui prints ise magab. On ka kaks erinevatest maailmadest printsessi, kes m\u00f5lemad n\u00f5iutud printsi endale tahavad. Et n\u00f5idusest p\u00e4\u00e4seda, peab prints haldjaprintsessiga lapse saama \u2026 \u00dcle kaklevate naabrite on veel ka Taevariik, kus valitsevad vastavalt P\u00e4evaperenaine ja \u00d6\u00f6r\u00fc\u00fctel ning k\u00f5ike kommenteerivad Linnud, keda ei sega \u00fckski riigipiir.<br \/>\nV\u00f5tted toimusid Harjumaal, Loksa ja Vihasoo kaunites looduslikes paikades.<\/p>\n<p>Stsenaarium ja muusika Kaari Sillamaa, lavastajad Janika Sillamaa, Iren Voites, Andrus Roos, muusikajuht Ingrid Kajak, kunstnik Mari-Leen Peep. Re\u017eiss\u00f6\u00f6r Kalev Lepik<br \/>\nV\u00f5ttegrupp ja montaa\u017e: Kalev Lepik, Raul Priks, Henn Liiva, Aivar M\u00fc\u00fcr.<\/p>\n<p>Peaosades: Laura P\u00f5ldma, Kathleen Palts ja Mihkel Tikerpalu, teistes osades Getter Raidam, Tormis Laanisto, Silvo Link, Meeli Hein, Terje Tampere, Mariliis Saar, Hille Savi, Franck Reisner, Mariann Saar, Margit Noormets, Ellen Kamenik, Laura Liinat jt.<\/p>\n<p>DVD \u00fcmbrise kujundas Mart H\u00e4elme<\/p>\n","protected":false},"excerpt":{"rendered":"<p>Muusikaline haldjafilm. 2002 Lugu haldjatest ja kr\u00e4\u00e4bustest, nende omavahelistest suhetest ja suhtumisest maisesse ja taevasesse j\u00f5usse. On n\u00f5iutud prints ja tema \u201chalvem\u201d pool, kes tegutseb siis kui prints ise magab&#8230;.<\/p>\n","protected":false},"featured_media":15219,"comment_status":"closed","ping_status":"closed","template":"","meta":{"_monsterinsights_skip_tracking":false,"_monsterinsights_sitenote_active":false,"_monsterinsights_sitenote_note":"","_monsterinsights_sitenote_category":0},"product_brand":[],"product_cat":[121],"product_tag":[],"class_list":{"0":"post-15189","1":"product","2":"type-product","3":"status-publish","4":"has-post-thumbnail","6":"product_cat-filmid","7":"product_shipping_class-europe","9":"first","10":"instock","11":"shipping-taxable","12":"purchasable","13":"product-type-simple"},"_links":{"self":[{"href":"https:\/\/lkkk.ee\/pood\/wp-json\/wp\/v2\/product\/15189","targetHints":{"allow":["GET"]}}],"collection":[{"href":"https:\/\/lkkk.ee\/pood\/wp-json\/wp\/v2\/product"}],"about":[{"href":"https:\/\/lkkk.ee\/pood\/wp-json\/wp\/v2\/types\/product"}],"replies":[{"embeddable":true,"href":"https:\/\/lkkk.ee\/pood\/wp-json\/wp\/v2\/comments?post=15189"}],"wp:featuredmedia":[{"embeddable":true,"href":"https:\/\/lkkk.ee\/pood\/wp-json\/wp\/v2\/media\/15219"}],"wp:attachment":[{"href":"https:\/\/lkkk.ee\/pood\/wp-json\/wp\/v2\/media?parent=15189"}],"wp:term":[{"taxonomy":"product_brand","embeddable":true,"href":"https:\/\/lkkk.ee\/pood\/wp-json\/wp\/v2\/product_brand?post=15189"},{"taxonomy":"product_cat","embeddable":true,"href":"https:\/\/lkkk.ee\/pood\/wp-json\/wp\/v2\/product_cat?post=15189"},{"taxonomy":"product_tag","embeddable":true,"href":"https:\/\/lkkk.ee\/pood\/wp-json\/wp\/v2\/product_tag?post=15189"}],"curies":[{"name":"wp","href":"https:\/\/api.w.org\/{rel}","templated":true}]}}