{"id":15187,"date":"2024-08-12T20:36:33","date_gmt":"2024-08-12T20:36:33","guid":{"rendered":"https:\/\/lkkk.ee\/pood\/?post_type=product&#038;p=15187"},"modified":"2024-08-25T08:50:13","modified_gmt":"2024-08-25T08:50:13","slug":"vahva-ratsep","status":"publish","type":"product","link":"https:\/\/lkkk.ee\/pood\/product\/vahva-ratsep\/","title":{"rendered":"Vahva r\u00e4tsep DVD"},"content":{"rendered":"<p>Muusikaline muinasjutufilm vendade Grimmide j\u00e4rgi.<\/p>\n<p>2005<\/p>\n<p>Lustakas lugu r\u00e4tsepast, kes l\u00f5i \u00fche hoobiga maha 7 k\u00e4rbest, sest need olid maandunud tema moosisaiale. Oma r\u00e4nnakul kohtus r\u00e4tsep Villem Hiiglase, r\u00f6\u00f6vlite, aga ka metsa pagenud kerjustega. T\u00e4nu kavalusele, osavusele ja julgusele, taltsutas ja kosis Villem l\u00f5puks pirtsaka printsessi ning p\u00e4ris ka pool kuningriiki.<\/p>\n<p>Film v\u00e4ndati J\u00e4neda m\u00f5isas ja selle \u00fcmbruses, osad l\u00f5igud on \u00fcles v\u00f5etud koguni Presidendi lossi purskkaevudega roosiaias.<\/p>\n<p>Stsenaarium ja muusika Kaari Sillamaa, lavastaja ja koreograaf Katre Jaani, muusikajuhid Ingrid Kajak ja Ele Millistfer, kunstnik Merli Kutsar,\u00a0 illustratiivne taustmuusika Paavo Piiparinen.<br \/>\nRe\u017eiss\u00f6\u00f6r Kalev Lepik.<br \/>\nV\u00f5ttegrupp ja montaa\u017e: Kalev Lepik, Katre Jaani, Raul Priks, Ardi Priks, Henn Liiva, Aivar M\u00fc\u00fcr.<\/p>\n<p>Peaosas Martin Paju, teistes osades Miina L\u00f5oke, Arti K\u00f5helik, Kristin Rohtaru, Andrus Joala, Kasper Raidam, Ken R\u00fc\u00fctel, Ada Marie Raud, Andrus Muuga, Otto Oliver Olgo, Merli Kesk\u00fcla jt.<\/p>\n","protected":false},"excerpt":{"rendered":"<p>Muusikaline muinasjutufilm vendade Grimmide j\u00e4rgi. 2005 Lustakas lugu r\u00e4tsepast, kes l\u00f5i \u00fche hoobiga maha 7 k\u00e4rbest, sest need olid maandunud tema moosisaiale. Oma r\u00e4nnakul kohtus r\u00e4tsep Villem Hiiglase, r\u00f6\u00f6vlite, aga&#8230;<\/p>\n","protected":false},"featured_media":15217,"comment_status":"closed","ping_status":"closed","template":"","meta":{"_monsterinsights_skip_tracking":false,"_monsterinsights_sitenote_active":false,"_monsterinsights_sitenote_note":"","_monsterinsights_sitenote_category":0},"product_brand":[],"product_cat":[121],"product_tag":[],"class_list":{"0":"post-15187","1":"product","2":"type-product","3":"status-publish","4":"has-post-thumbnail","6":"product_cat-filmid","7":"product_shipping_class-europe","9":"first","10":"instock","11":"shipping-taxable","12":"purchasable","13":"product-type-simple"},"_links":{"self":[{"href":"https:\/\/lkkk.ee\/pood\/wp-json\/wp\/v2\/product\/15187","targetHints":{"allow":["GET"]}}],"collection":[{"href":"https:\/\/lkkk.ee\/pood\/wp-json\/wp\/v2\/product"}],"about":[{"href":"https:\/\/lkkk.ee\/pood\/wp-json\/wp\/v2\/types\/product"}],"replies":[{"embeddable":true,"href":"https:\/\/lkkk.ee\/pood\/wp-json\/wp\/v2\/comments?post=15187"}],"wp:featuredmedia":[{"embeddable":true,"href":"https:\/\/lkkk.ee\/pood\/wp-json\/wp\/v2\/media\/15217"}],"wp:attachment":[{"href":"https:\/\/lkkk.ee\/pood\/wp-json\/wp\/v2\/media?parent=15187"}],"wp:term":[{"taxonomy":"product_brand","embeddable":true,"href":"https:\/\/lkkk.ee\/pood\/wp-json\/wp\/v2\/product_brand?post=15187"},{"taxonomy":"product_cat","embeddable":true,"href":"https:\/\/lkkk.ee\/pood\/wp-json\/wp\/v2\/product_cat?post=15187"},{"taxonomy":"product_tag","embeddable":true,"href":"https:\/\/lkkk.ee\/pood\/wp-json\/wp\/v2\/product_tag?post=15187"}],"curies":[{"name":"wp","href":"https:\/\/api.w.org\/{rel}","templated":true}]}}