{"id":15176,"date":"2024-08-12T20:36:33","date_gmt":"2024-08-12T20:36:33","guid":{"rendered":"https:\/\/lkkk.ee\/pood\/?post_type=product&#038;p=15176"},"modified":"2024-08-19T14:24:53","modified_gmt":"2024-08-19T14:24:53","slug":"mullersonid-valed-abielud","status":"publish","type":"product","link":"https:\/\/lkkk.ee\/pood\/product\/mullersonid-valed-abielud\/","title":{"rendered":"M\u00fcllersonid: Valed abielud DVD"},"content":{"rendered":"<p>Suhtedraama Kaari Sillamaa M\u00fcllersonide saaga 2. raamatu j\u00e4rgi<\/p>\n<p>2012<\/p>\n<p>Aasta 1907 Saksamaal. M\u00fcllersonide m\u00f5isa kuuest parunessist kolm \u2013 Frida, Rita ja Gita, on asjatult oodanud armastatud noormehi, kes 7a. tagasi on l\u00e4inud kes \u00f5nne, kes identiteeti otsima.<br \/>\nJa siis, kui Rita on l\u00e4inud juba kloostrisse, Gita mehele ja Frida seltskonna silmis vanapiigaks tembeldatud, ilmuvad k\u00f5ik kolm \u2013 Tom, Ivo ja Leo \u2013 v\u00e4lja \u00fchel ja samal p\u00e4eval!<br \/>\nKuna nii kodus kui \u00fcldse \u00fchiskonna huvikeskmes on pered ja suhted, on parunessidest noorim \u2013 Hilde \u2013 asunud \u201e\u00d5igete ja Valede abielude p\u00e4evikut\u201c pidama. Et pilt veelgi kirjum oleks, p\u00f5ikab tegevus vahepeal soojast Saksamaa kevadest k\u00fclma Vene talve\u2026<br \/>\n\u201eValed abielud\u201c on \u00fcles v\u00f5etud kahes m\u00f5isas \u2013 nii Muhus P\u00e4dastes kui ka Tohisool, lisaks paljudes huvitavates paikades Tallinna linnas ja selle \u00fcmbruses.<\/p>\n<p>Stsenaariumi ja muusika autor ning lavastaja Kaari Sillamaa, muusikajuht Janika Sillamaa, koormeister Hille Savi, koreograaf Jane Miller-P\u00e4rnam\u00e4gi<br \/>\nV\u00f5ttegrupp ja montaa\u017e: Kaari Sillamaa, Virko Veskoja, Kasper Raidam, Andrus Muuga, Kaspar Virks, Ken R\u00fc\u00fctel, Joonas Vatter, Franck Reisner, Janika Sillamaa.<br \/>\nPeaosades: Fatme Helge Leevald, Kaarel Raidam ja Kertu Raja, kesksetes osades veel Andrus Muuga, Janely Uint, Caisa Sell, Sten Kr\u00fc\u00fcner, Laura Kukk, Sten Uustalu, Anne-Mary L\u00e4ll, Liis Rahnel, Edith Hermann, Roman Puiestik, Kasper Raidam, Hille Savi, Mihkel J\u00fcri Feld, Agnes M\u00f5istlik, Kaspar Virks, Helen M\u00e4nnik, Joonas Vatter, Kaisa Holsting, Carolin Ligi, Brenda J\u00f5e\u00e4\u00e4r, Keidi Vatter, Ken R\u00fc\u00fctel jt.<\/p>\n","protected":false},"excerpt":{"rendered":"<p>Suhtedraama Kaari Sillamaa M\u00fcllersonide saaga 2. raamatu j\u00e4rgi 2012 Aasta 1907 Saksamaal. M\u00fcllersonide m\u00f5isa kuuest parunessist kolm \u2013 Frida, Rita ja Gita, on asjatult oodanud armastatud noormehi, kes 7a. tagasi&#8230;<\/p>\n","protected":false},"featured_media":15206,"comment_status":"closed","ping_status":"closed","template":"","meta":{"_monsterinsights_skip_tracking":false,"_monsterinsights_sitenote_active":false,"_monsterinsights_sitenote_note":"","_monsterinsights_sitenote_category":0},"product_brand":[],"product_cat":[121],"product_tag":[],"class_list":{"0":"post-15176","1":"product","2":"type-product","3":"status-publish","4":"has-post-thumbnail","6":"product_cat-filmid","7":"product_shipping_class-europe","9":"first","10":"instock","11":"shipping-taxable","12":"purchasable","13":"product-type-simple"},"_links":{"self":[{"href":"https:\/\/lkkk.ee\/pood\/wp-json\/wp\/v2\/product\/15176","targetHints":{"allow":["GET"]}}],"collection":[{"href":"https:\/\/lkkk.ee\/pood\/wp-json\/wp\/v2\/product"}],"about":[{"href":"https:\/\/lkkk.ee\/pood\/wp-json\/wp\/v2\/types\/product"}],"replies":[{"embeddable":true,"href":"https:\/\/lkkk.ee\/pood\/wp-json\/wp\/v2\/comments?post=15176"}],"wp:featuredmedia":[{"embeddable":true,"href":"https:\/\/lkkk.ee\/pood\/wp-json\/wp\/v2\/media\/15206"}],"wp:attachment":[{"href":"https:\/\/lkkk.ee\/pood\/wp-json\/wp\/v2\/media?parent=15176"}],"wp:term":[{"taxonomy":"product_brand","embeddable":true,"href":"https:\/\/lkkk.ee\/pood\/wp-json\/wp\/v2\/product_brand?post=15176"},{"taxonomy":"product_cat","embeddable":true,"href":"https:\/\/lkkk.ee\/pood\/wp-json\/wp\/v2\/product_cat?post=15176"},{"taxonomy":"product_tag","embeddable":true,"href":"https:\/\/lkkk.ee\/pood\/wp-json\/wp\/v2\/product_tag?post=15176"}],"curies":[{"name":"wp","href":"https:\/\/api.w.org\/{rel}","templated":true}]}}