{"id":15175,"date":"2024-08-12T20:36:33","date_gmt":"2024-08-12T20:36:33","guid":{"rendered":"https:\/\/lkkk.ee\/pood\/?post_type=product&#038;p=15175"},"modified":"2024-08-25T08:51:07","modified_gmt":"2024-08-25T08:51:07","slug":"mang","status":"publish","type":"product","link":"https:\/\/lkkk.ee\/pood\/product\/mang\/","title":{"rendered":"M\u00c4NG DVD"},"content":{"rendered":"<p>M\u00c4NG on lugu t\u00e4nap\u00e4eva koolilastest, kel on k\u00f5igil \u00fcks \u00fchine kirg \u2013 arvutim\u00e4ngud<\/p>\n<p>\u00dchel heal p\u00e4eval hakkavad lapsed kaduma.<br \/>\nKui teismeline h\u00e4kker Mari taipab, et kadumised on seotud salap\u00e4rase arvutim\u00e4nguga, otsustab ta oma oskused proovile panna, ning salap\u00e4rase virtuaalse Siili abiga neile p\u00e4\u00e4steoperatsioon korraldada.<br \/>\nKeset druiide, r\u00fc\u00fctleid ja muid kuningas Arturi-aegseid muinasaja tegelasi hakkavad \u00fcht\u00e4kki oma elu elama ka Siil, Rukkilill, Koidula ja teised eestlastele tuttavad tegelased.<br \/>\nPalju segadust, muusikat Keldipungist Kaerajaanini ning \u00f5nnelik l\u00f5pp.<\/p>\n","protected":false},"excerpt":{"rendered":"<p>M\u00c4NG on lugu t\u00e4nap\u00e4eva koolilastest, kel on k\u00f5igil \u00fcks \u00fchine kirg \u2013 arvutim\u00e4ngud \u00dchel heal p\u00e4eval hakkavad lapsed kaduma. Kui teismeline h\u00e4kker Mari taipab, et kadumised on seotud salap\u00e4rase arvutim\u00e4nguga,&#8230;<\/p>\n","protected":false},"featured_media":15205,"comment_status":"closed","ping_status":"closed","template":"","meta":{"_monsterinsights_skip_tracking":false,"_monsterinsights_sitenote_active":false,"_monsterinsights_sitenote_note":"","_monsterinsights_sitenote_category":0},"product_brand":[],"product_cat":[121],"product_tag":[],"class_list":{"0":"post-15175","1":"product","2":"type-product","3":"status-publish","4":"has-post-thumbnail","6":"product_cat-filmid","7":"product_shipping_class-europe","9":"first","10":"instock","11":"shipping-taxable","12":"purchasable","13":"product-type-simple"},"_links":{"self":[{"href":"https:\/\/lkkk.ee\/pood\/wp-json\/wp\/v2\/product\/15175","targetHints":{"allow":["GET"]}}],"collection":[{"href":"https:\/\/lkkk.ee\/pood\/wp-json\/wp\/v2\/product"}],"about":[{"href":"https:\/\/lkkk.ee\/pood\/wp-json\/wp\/v2\/types\/product"}],"replies":[{"embeddable":true,"href":"https:\/\/lkkk.ee\/pood\/wp-json\/wp\/v2\/comments?post=15175"}],"wp:featuredmedia":[{"embeddable":true,"href":"https:\/\/lkkk.ee\/pood\/wp-json\/wp\/v2\/media\/15205"}],"wp:attachment":[{"href":"https:\/\/lkkk.ee\/pood\/wp-json\/wp\/v2\/media?parent=15175"}],"wp:term":[{"taxonomy":"product_brand","embeddable":true,"href":"https:\/\/lkkk.ee\/pood\/wp-json\/wp\/v2\/product_brand?post=15175"},{"taxonomy":"product_cat","embeddable":true,"href":"https:\/\/lkkk.ee\/pood\/wp-json\/wp\/v2\/product_cat?post=15175"},{"taxonomy":"product_tag","embeddable":true,"href":"https:\/\/lkkk.ee\/pood\/wp-json\/wp\/v2\/product_tag?post=15175"}],"curies":[{"name":"wp","href":"https:\/\/api.w.org\/{rel}","templated":true}]}}