{"id":15171,"date":"2024-08-12T20:36:33","date_gmt":"2024-08-12T20:36:33","guid":{"rendered":"https:\/\/lkkk.ee\/pood\/?post_type=product&#038;p=15171"},"modified":"2024-08-25T08:50:03","modified_gmt":"2024-08-25T08:50:03","slug":"lumeeit","status":"publish","type":"product","link":"https:\/\/lkkk.ee\/pood\/product\/lumeeit\/","title":{"rendered":"Lumeeit DVD"},"content":{"rendered":"<p>Muusikaline muinasjutt-film \u201eLumeeit\u201c<br \/>\nVanade Saksa m\u00fc\u00fctide ja vendade Grimmide loo ainetel<\/p>\n<p>Stsenaarium ja muusika \u2013 Janika Sillamaa<\/p>\n<p>Hille Savi re\u017eiss\u00f6\u00f6rideb\u00fc\u00fct!<br \/>\nTantsud Kertu Raja, repetiitor Eva Maris K\u00fcngas<br \/>\nV\u00f5ttegrupp: Hille Savi, Virko Veskoja, Mats Kangur, Andrus Muuga,<\/p>\n<p>Gerda-Triin H\u00e4\u00e4l, Mark Oja, Triin Pirso jt<br \/>\nKaunite Kooli film nr 28<\/p>\n<p>\u201eLumeeit\u201c on tuntud muinasjutt Haldjate maal elavast emand Huldast, kelle patjade kloppimisest sajab inimeste maal lund. Eks ikka satub tema juurde esimesena t\u00f6\u00f6kas t\u00fctarlaps ja alles siis laisk t\u00fcdruk, kes oma t\u00f6\u00f6 eest ka vastava palga saavad \u2013 \u00fcks kullavihma ja teine pigi, mida kuulus Kukk ka kade pole k\u00fclarahvale kuulutama.<\/p>\n<p>V\u00f5tted toimusid 2019 aasta suvel Harjumaa kaunites paikades, Viikingite k\u00fclas, Oru k\u00fclas ja Tuhala N\u00f5iakaevu juures.<\/p>\n<p>N\u00e4itlejateks 30 Kaunite Kooli \u00f5pilast.<\/p>\n","protected":false},"excerpt":{"rendered":"<p>Muusikaline muinasjutt-film \u201eLumeeit\u201c Vanade Saksa m\u00fc\u00fctide ja vendade Grimmide loo ainetel Stsenaarium ja muusika \u2013 Janika Sillamaa Hille Savi re\u017eiss\u00f6\u00f6rideb\u00fc\u00fct! Tantsud Kertu Raja, repetiitor Eva Maris K\u00fcngas V\u00f5ttegrupp: Hille Savi,&#8230;<\/p>\n","protected":false},"featured_media":15201,"comment_status":"closed","ping_status":"closed","template":"","meta":{"_monsterinsights_skip_tracking":false,"_monsterinsights_sitenote_active":false,"_monsterinsights_sitenote_note":"","_monsterinsights_sitenote_category":0},"product_brand":[],"product_cat":[121],"product_tag":[],"class_list":{"0":"post-15171","1":"product","2":"type-product","3":"status-publish","4":"has-post-thumbnail","6":"product_cat-filmid","7":"product_shipping_class-europe","9":"first","10":"instock","11":"shipping-taxable","12":"purchasable","13":"product-type-simple"},"_links":{"self":[{"href":"https:\/\/lkkk.ee\/pood\/wp-json\/wp\/v2\/product\/15171","targetHints":{"allow":["GET"]}}],"collection":[{"href":"https:\/\/lkkk.ee\/pood\/wp-json\/wp\/v2\/product"}],"about":[{"href":"https:\/\/lkkk.ee\/pood\/wp-json\/wp\/v2\/types\/product"}],"replies":[{"embeddable":true,"href":"https:\/\/lkkk.ee\/pood\/wp-json\/wp\/v2\/comments?post=15171"}],"wp:featuredmedia":[{"embeddable":true,"href":"https:\/\/lkkk.ee\/pood\/wp-json\/wp\/v2\/media\/15201"}],"wp:attachment":[{"href":"https:\/\/lkkk.ee\/pood\/wp-json\/wp\/v2\/media?parent=15171"}],"wp:term":[{"taxonomy":"product_brand","embeddable":true,"href":"https:\/\/lkkk.ee\/pood\/wp-json\/wp\/v2\/product_brand?post=15171"},{"taxonomy":"product_cat","embeddable":true,"href":"https:\/\/lkkk.ee\/pood\/wp-json\/wp\/v2\/product_cat?post=15171"},{"taxonomy":"product_tag","embeddable":true,"href":"https:\/\/lkkk.ee\/pood\/wp-json\/wp\/v2\/product_tag?post=15171"}],"curies":[{"name":"wp","href":"https:\/\/api.w.org\/{rel}","templated":true}]}}