{"id":15165,"date":"2024-08-12T20:36:33","date_gmt":"2024-08-12T20:36:33","guid":{"rendered":"https:\/\/lkkk.ee\/pood\/?post_type=product&#038;p=15165"},"modified":"2024-08-25T08:47:01","modified_gmt":"2024-08-25T08:47:01","slug":"alice-imedemaal","status":"publish","type":"product","link":"https:\/\/lkkk.ee\/pood\/product\/alice-imedemaal\/","title":{"rendered":"Alice imedemaal DVD"},"content":{"rendered":"<p>Muusikaline fantaasiafilm.<br \/>\nUudishimulik t\u00fcdruk Alice satub kogemata kombel\u00a0ise\u00e4ralikule maale, kus temaga hakkavad juhtuma imelikud asjad \u2013\u00a0ikka \u00fcks kummalisem kui teine.<br \/>\nKa kohtub ta tegelastega, keda tavalises inimeste maailmas iial n\u00e4inud ei ole\u00a0ja satub aina uuematesse ja hullematesse seiklustesse &#8230;<br \/>\nFilmitud 2009 a suvel Suure-Jaanis. Stsenaarium Janika Sillamaa, muusika Janika Sillamaa ja Kaari Sillamaa. Re\u017eiss\u00f6\u00f6r Heiki Sepp, lavastaja Katre Jaani. Nimiosas Anne-Mary L\u00e4ll. Suuremates osades veel Andri Suga, Kriina Sarv, Janely Uint, Linda Maria Varris, Helen M\u00e4nnik, Toomas Sepp, Hille Savi jt<\/p>\n","protected":false},"excerpt":{"rendered":"<p>Muusikaline fantaasiafilm. Uudishimulik t\u00fcdruk Alice satub kogemata kombel\u00a0ise\u00e4ralikule maale, kus temaga hakkavad juhtuma imelikud asjad \u2013\u00a0ikka \u00fcks kummalisem kui teine. Ka kohtub ta tegelastega, keda tavalises inimeste maailmas iial n\u00e4inud&#8230;<\/p>\n","protected":false},"featured_media":15195,"comment_status":"closed","ping_status":"closed","template":"","meta":{"_monsterinsights_skip_tracking":false,"_monsterinsights_sitenote_active":false,"_monsterinsights_sitenote_note":"","_monsterinsights_sitenote_category":0},"product_brand":[],"product_cat":[121],"product_tag":[],"class_list":{"0":"post-15165","1":"product","2":"type-product","3":"status-publish","4":"has-post-thumbnail","6":"product_cat-filmid","7":"product_shipping_class-europe","9":"first","10":"instock","11":"shipping-taxable","12":"purchasable","13":"product-type-simple"},"_links":{"self":[{"href":"https:\/\/lkkk.ee\/pood\/wp-json\/wp\/v2\/product\/15165","targetHints":{"allow":["GET"]}}],"collection":[{"href":"https:\/\/lkkk.ee\/pood\/wp-json\/wp\/v2\/product"}],"about":[{"href":"https:\/\/lkkk.ee\/pood\/wp-json\/wp\/v2\/types\/product"}],"replies":[{"embeddable":true,"href":"https:\/\/lkkk.ee\/pood\/wp-json\/wp\/v2\/comments?post=15165"}],"wp:featuredmedia":[{"embeddable":true,"href":"https:\/\/lkkk.ee\/pood\/wp-json\/wp\/v2\/media\/15195"}],"wp:attachment":[{"href":"https:\/\/lkkk.ee\/pood\/wp-json\/wp\/v2\/media?parent=15165"}],"wp:term":[{"taxonomy":"product_brand","embeddable":true,"href":"https:\/\/lkkk.ee\/pood\/wp-json\/wp\/v2\/product_brand?post=15165"},{"taxonomy":"product_cat","embeddable":true,"href":"https:\/\/lkkk.ee\/pood\/wp-json\/wp\/v2\/product_cat?post=15165"},{"taxonomy":"product_tag","embeddable":true,"href":"https:\/\/lkkk.ee\/pood\/wp-json\/wp\/v2\/product_tag?post=15165"}],"curies":[{"name":"wp","href":"https:\/\/api.w.org\/{rel}","templated":true}]}}